{"id":9,"date":"2024-09-27T13:48:49","date_gmt":"2024-09-27T11:48:49","guid":{"rendered":"https:\/\/atelierdelachanterelle.com\/?page_id=9"},"modified":"2024-10-04T10:48:11","modified_gmt":"2024-10-04T08:48:11","slug":"fabrication","status":"publish","type":"page","link":"https:\/\/atelierdelachanterelle.com\/index.php\/fabrication\/","title":{"rendered":"Fabrication"},"content":{"rendered":"\t\t<div data-elementor-type=\"wp-page\" data-elementor-id=\"9\" class=\"elementor elementor-9\">\n\t\t\t\t<div class=\"elementor-element elementor-element-c5f9d61 e-flex e-con-boxed e-con e-parent\" data-id=\"c5f9d61\" data-element_type=\"container\">\n\t\t\t\t\t<div class=\"e-con-inner\">\n\t\t\t\t<div class=\"elementor-element elementor-element-4937429 elementor-widget elementor-widget-text-editor\" data-id=\"4937429\" data-element_type=\"widget\" data-widget_type=\"text-editor.default\">\n\t\t\t\t<div class=\"elementor-widget-container\">\n\t\t\t\t\t\t\t<p>Les instruments sont fabriqu\u00e9s artisanalement d&#8217;apr\u00e8s la m\u00e9thode traditionnelle espagnole. Il s&#8217;agit de cr\u00e9ations ou de mod\u00e8les inspir\u00e9s par des luthiers historiques.<\/p>\t\t\t\t\t\t<\/div>\n\t\t\t\t<\/div>\n\t\t\t\t\t<\/div>\n\t\t\t\t<\/div>\n\t\t<div class=\"elementor-element elementor-element-9c09b6d e-flex e-con-boxed e-con e-parent\" data-id=\"9c09b6d\" data-element_type=\"container\">\n\t\t\t\t\t<div class=\"e-con-inner\">\n\t\t\t\t<div class=\"elementor-element elementor-element-2511f69 elementor-widget-divider--view-line elementor-widget elementor-widget-divider\" data-id=\"2511f69\" data-element_type=\"widget\" data-widget_type=\"divider.default\">\n\t\t\t\t<div class=\"elementor-widget-container\">\n\t\t\t\t\t<div class=\"elementor-divider\">\n\t\t\t<span class=\"elementor-divider-separator\">\n\t\t\t\t\t\t<\/span>\n\t\t<\/div>\n\t\t\t\t<\/div>\n\t\t\t\t<\/div>\n\t\t\t\t\t<\/div>\n\t\t\t\t<\/div>\n\t\t<div class=\"elementor-element elementor-element-e415bda e-flex e-con-boxed e-con e-parent\" data-id=\"e415bda\" data-element_type=\"container\">\n\t\t\t\t\t<div class=\"e-con-inner\">\n\t\t<div class=\"elementor-element elementor-element-19ed484 e-con-full e-flex e-con e-child\" data-id=\"19ed484\" data-element_type=\"container\">\n\t\t\t\t<div class=\"elementor-element elementor-element-64009db elementor-widget elementor-widget-image\" data-id=\"64009db\" data-element_type=\"widget\" data-widget_type=\"image.default\">\n\t\t\t\t<div class=\"elementor-widget-container\">\n\t\t\t\t\t\t\t\t\t\t\t\t\t\t<a href=\"https:\/\/atelierdelachanterelle.com\/index.php\/classique\/\">\n\t\t\t\t\t\t\t<img fetchpriority=\"high\" decoding=\"async\" width=\"200\" height=\"300\" src=\"https:\/\/atelierdelachanterelle.com\/wp-content\/uploads\/2024\/10\/IMG_7074c-200x300.jpg\" class=\"attachment-medium size-medium wp-image-186\" alt=\"\" srcset=\"https:\/\/atelierdelachanterelle.com\/wp-content\/uploads\/2024\/10\/IMG_7074c-200x300.jpg 200w, https:\/\/atelierdelachanterelle.com\/wp-content\/uploads\/2024\/10\/IMG_7074c-683x1024.jpg 683w, https:\/\/atelierdelachanterelle.com\/wp-content\/uploads\/2024\/10\/IMG_7074c-768x1152.jpg 768w, https:\/\/atelierdelachanterelle.com\/wp-content\/uploads\/2024\/10\/IMG_7074c-1024x1536.jpg 1024w, https:\/\/atelierdelachanterelle.com\/wp-content\/uploads\/2024\/10\/IMG_7074c-1366x2048.jpg 1366w, https:\/\/atelierdelachanterelle.com\/wp-content\/uploads\/2024\/10\/IMG_7074c-scaled.jpg 1707w\" sizes=\"(max-width: 200px) 100vw, 200px\" \/>\t\t\t\t\t\t\t\t<\/a>\n\t\t\t\t\t\t\t\t\t\t\t\t\t<\/div>\n\t\t\t\t<\/div>\n\t\t\t\t<\/div>\n\t\t<div class=\"elementor-element elementor-element-2089b35 e-con-full e-flex e-con e-child\" data-id=\"2089b35\" data-element_type=\"container\">\n\t\t\t\t<div class=\"elementor-element elementor-element-3535d6e elementor-widget elementor-widget-image\" data-id=\"3535d6e\" data-element_type=\"widget\" data-widget_type=\"image.default\">\n\t\t\t\t<div class=\"elementor-widget-container\">\n\t\t\t\t\t\t\t\t\t\t\t\t\t\t<a href=\"https:\/\/atelierdelachanterelle.com\/index.php\/folk\/\">\n\t\t\t\t\t\t\t<img decoding=\"async\" width=\"162\" height=\"300\" src=\"https:\/\/atelierdelachanterelle.com\/wp-content\/uploads\/2024\/10\/20191108_202431-162x300.jpg\" class=\"attachment-medium size-medium wp-image-232\" alt=\"\" srcset=\"https:\/\/atelierdelachanterelle.com\/wp-content\/uploads\/2024\/10\/20191108_202431-162x300.jpg 162w, https:\/\/atelierdelachanterelle.com\/wp-content\/uploads\/2024\/10\/20191108_202431-553x1024.jpg 553w, https:\/\/atelierdelachanterelle.com\/wp-content\/uploads\/2024\/10\/20191108_202431-768x1422.jpg 768w, https:\/\/atelierdelachanterelle.com\/wp-content\/uploads\/2024\/10\/20191108_202431-830x1536.jpg 830w, https:\/\/atelierdelachanterelle.com\/wp-content\/uploads\/2024\/10\/20191108_202431-1106x2048.jpg 1106w, https:\/\/atelierdelachanterelle.com\/wp-content\/uploads\/2024\/10\/20191108_202431-scaled.jpg 1383w\" sizes=\"(max-width: 162px) 100vw, 162px\" \/>\t\t\t\t\t\t\t\t<\/a>\n\t\t\t\t\t\t\t\t\t\t\t\t\t<\/div>\n\t\t\t\t<\/div>\n\t\t\t\t<\/div>\n\t\t\t\t\t<\/div>\n\t\t\t\t<\/div>\n\t\t<div class=\"elementor-element elementor-element-e67bfb0 e-con-full e-flex e-con e-parent\" data-id=\"e67bfb0\" data-element_type=\"container\">\n\t\t<div class=\"elementor-element elementor-element-57a0757 e-con-full e-flex e-con e-child\" data-id=\"57a0757\" data-element_type=\"container\">\n\t\t\t\t<div class=\"elementor-element elementor-element-954fd6f elementor-widget__width-initial elementor-widget elementor-widget-text-editor\" data-id=\"954fd6f\" data-element_type=\"widget\" data-widget_type=\"text-editor.default\">\n\t\t\t\t<div class=\"elementor-widget-container\">\n\t\t\t\t\t\t\t<p><a href=\"https:\/\/atelierdelachanterelle.com\/index.php\/classique\/\">Guitares classiques<\/a><\/p>\t\t\t\t\t\t<\/div>\n\t\t\t\t<\/div>\n\t\t\t\t<\/div>\n\t\t<div class=\"elementor-element elementor-element-f96e659 e-con-full e-flex e-con e-child\" data-id=\"f96e659\" data-element_type=\"container\">\n\t\t\t\t<div class=\"elementor-element elementor-element-ff99720 elementor-widget__width-initial elementor-widget elementor-widget-text-editor\" data-id=\"ff99720\" data-element_type=\"widget\" data-widget_type=\"text-editor.default\">\n\t\t\t\t<div class=\"elementor-widget-container\">\n\t\t\t\t\t\t\t<p><a href=\"https:\/\/atelierdelachanterelle.com\/index.php\/folk\/\">Guitares folk<\/a><\/p>\t\t\t\t\t\t<\/div>\n\t\t\t\t<\/div>\n\t\t\t\t<\/div>\n\t\t\t\t<\/div>\n\t\t\t\t<\/div>\n\t\t","protected":false},"excerpt":{"rendered":"<p>Les instruments sont fabriqu\u00e9s artisanalement d&#8217;apr\u00e8s la m\u00e9thode traditionnelle espagnole. Il s&#8217;agit de cr\u00e9ations ou de mod\u00e8les inspir\u00e9s par des luthiers historiques. Guitares classiques Guitares folk<\/p>\n","protected":false},"author":1,"featured_media":0,"parent":0,"menu_order":0,"comment_status":"closed","ping_status":"closed","template":"","meta":{"ocean_post_layout":"","ocean_both_sidebars_style":"","ocean_both_sidebars_content_width":0,"ocean_both_sidebars_sidebars_width":0,"ocean_sidebar":"","ocean_second_sidebar":"","ocean_disable_margins":"enable","ocean_add_body_class":"","ocean_shortcode_before_top_bar":"","ocean_shortcode_after_top_bar":"","ocean_shortcode_before_header":"","ocean_shortcode_after_header":"","ocean_has_shortcode":"","ocean_shortcode_after_title":"","ocean_shortcode_before_footer_widgets":"","ocean_shortcode_after_footer_widgets":"","ocean_shortcode_before_footer_bottom":"","ocean_shortcode_after_footer_bottom":"","ocean_display_top_bar":"default","ocean_display_header":"default","ocean_header_style":"","ocean_center_header_left_menu":"","ocean_custom_header_template":"","ocean_custom_logo":0,"ocean_custom_retina_logo":0,"ocean_custom_logo_max_width":0,"ocean_custom_logo_tablet_max_width":0,"ocean_custom_logo_mobile_max_width":0,"ocean_custom_logo_max_height":0,"ocean_custom_logo_tablet_max_height":0,"ocean_custom_logo_mobile_max_height":0,"ocean_header_custom_menu":"","ocean_menu_typo_font_family":"","ocean_menu_typo_font_subset":"","ocean_menu_typo_font_size":0,"ocean_menu_typo_font_size_tablet":0,"ocean_menu_typo_font_size_mobile":0,"ocean_menu_typo_font_size_unit":"px","ocean_menu_typo_font_weight":"","ocean_menu_typo_font_weight_tablet":"","ocean_menu_typo_font_weight_mobile":"","ocean_menu_typo_transform":"","ocean_menu_typo_transform_tablet":"","ocean_menu_typo_transform_mobile":"","ocean_menu_typo_line_height":0,"ocean_menu_typo_line_height_tablet":0,"ocean_menu_typo_line_height_mobile":0,"ocean_menu_typo_line_height_unit":"","ocean_menu_typo_spacing":0,"ocean_menu_typo_spacing_tablet":0,"ocean_menu_typo_spacing_mobile":0,"ocean_menu_typo_spacing_unit":"","ocean_menu_link_color":"","ocean_menu_link_color_hover":"","ocean_menu_link_color_active":"","ocean_menu_link_background":"","ocean_menu_link_hover_background":"","ocean_menu_link_active_background":"","ocean_menu_social_links_bg":"","ocean_menu_social_hover_links_bg":"","ocean_menu_social_links_color":"","ocean_menu_social_hover_links_color":"","ocean_disable_title":"default","ocean_disable_heading":"default","ocean_post_title":"","ocean_post_subheading":"","ocean_post_title_style":"","ocean_post_title_background_color":"","ocean_post_title_background":0,"ocean_post_title_bg_image_position":"","ocean_post_title_bg_image_attachment":"","ocean_post_title_bg_image_repeat":"","ocean_post_title_bg_image_size":"","ocean_post_title_height":0,"ocean_post_title_bg_overlay":0.5,"ocean_post_title_bg_overlay_color":"","ocean_disable_breadcrumbs":"default","ocean_breadcrumbs_color":"","ocean_breadcrumbs_separator_color":"","ocean_breadcrumbs_links_color":"","ocean_breadcrumbs_links_hover_color":"","ocean_display_footer_widgets":"default","ocean_display_footer_bottom":"default","ocean_custom_footer_template":"","footnotes":""},"class_list":["post-9","page","type-page","status-publish","hentry","entry"],"yoast_head":"<!-- This site is optimized with the Yoast SEO plugin v23.5 - https:\/\/yoast.com\/wordpress\/plugins\/seo\/ -->\n<title>Fabrication - Atelier de la Chanterelle<\/title>\n<meta name=\"description\" content=\"Les instruments sont fabriqu\u00e9s artisanalement d\u2019apr\u00e8s la m\u00e9thode traditionnelle espagnole. Il s\u2019agit de cr\u00e9ations ou de mod\u00e8les inspir\u00e9s par des luthiers historiques.\" \/>\n<meta name=\"robots\" content=\"index, follow, max-snippet:-1, max-image-preview:large, max-video-preview:-1\" \/>\n<link rel=\"canonical\" href=\"http:\/\/atelierdelachanterelle.com\/index.php\/fabrication\/\" \/>\n<meta property=\"og:locale\" content=\"en_US\" \/>\n<meta property=\"og:type\" content=\"article\" \/>\n<meta property=\"og:title\" content=\"Fabrication - Atelier de la Chanterelle\" \/>\n<meta property=\"og:description\" content=\"Les instruments sont fabriqu\u00e9s artisanalement d\u2019apr\u00e8s la m\u00e9thode traditionnelle espagnole. Il s\u2019agit de cr\u00e9ations ou de mod\u00e8les inspir\u00e9s par des luthiers historiques.\" \/>\n<meta property=\"og:url\" content=\"http:\/\/atelierdelachanterelle.com\/index.php\/fabrication\/\" \/>\n<meta property=\"og:site_name\" content=\"WordPress\" \/>\n<meta property=\"article:modified_time\" content=\"2024-10-04T08:48:11+00:00\" \/>\n<meta property=\"og:image\" content=\"http:\/\/atelierdelachanterelle.com\/wp-content\/uploads\/2024\/10\/IMG_7074c-200x300.jpg\" \/>\n<meta name=\"twitter:card\" content=\"summary_large_image\" \/>\n<meta name=\"twitter:label1\" content=\"Est. reading time\" \/>\n\t<meta name=\"twitter:data1\" content=\"1 minute\" \/>\n<script type=\"application\/ld+json\" class=\"yoast-schema-graph\">{\"@context\":\"https:\/\/schema.org\",\"@graph\":[{\"@type\":\"WebPage\",\"@id\":\"http:\/\/atelierdelachanterelle.com\/index.php\/fabrication\/\",\"url\":\"http:\/\/atelierdelachanterelle.com\/index.php\/fabrication\/\",\"name\":\"Fabrication - Atelier de la Chanterelle\",\"isPartOf\":{\"@id\":\"http:\/\/atelierdelachanterelle.com\/#website\"},\"primaryImageOfPage\":{\"@id\":\"http:\/\/atelierdelachanterelle.com\/index.php\/fabrication\/#primaryimage\"},\"image\":{\"@id\":\"http:\/\/atelierdelachanterelle.com\/index.php\/fabrication\/#primaryimage\"},\"thumbnailUrl\":\"http:\/\/atelierdelachanterelle.com\/wp-content\/uploads\/2024\/10\/IMG_7074c-200x300.jpg\",\"datePublished\":\"2024-09-27T11:48:49+00:00\",\"dateModified\":\"2024-10-04T08:48:11+00:00\",\"description\":\"Les instruments sont fabriqu\u00e9s artisanalement d\u2019apr\u00e8s la m\u00e9thode traditionnelle espagnole. Il s\u2019agit de cr\u00e9ations ou de mod\u00e8les inspir\u00e9s par des luthiers historiques.\",\"breadcrumb\":{\"@id\":\"http:\/\/atelierdelachanterelle.com\/index.php\/fabrication\/#breadcrumb\"},\"inLanguage\":\"en-US\",\"potentialAction\":[{\"@type\":\"ReadAction\",\"target\":[\"http:\/\/atelierdelachanterelle.com\/index.php\/fabrication\/\"]}]},{\"@type\":\"ImageObject\",\"inLanguage\":\"en-US\",\"@id\":\"http:\/\/atelierdelachanterelle.com\/index.php\/fabrication\/#primaryimage\",\"url\":\"http:\/\/atelierdelachanterelle.com\/wp-content\/uploads\/2024\/10\/IMG_7074c-200x300.jpg\",\"contentUrl\":\"http:\/\/atelierdelachanterelle.com\/wp-content\/uploads\/2024\/10\/IMG_7074c-200x300.jpg\"},{\"@type\":\"BreadcrumbList\",\"@id\":\"http:\/\/atelierdelachanterelle.com\/index.php\/fabrication\/#breadcrumb\",\"itemListElement\":[{\"@type\":\"ListItem\",\"position\":1,\"name\":\"Accueil\",\"item\":\"http:\/\/atelierdelachanterelle.com\/\"},{\"@type\":\"ListItem\",\"position\":2,\"name\":\"Fabrication\"}]},{\"@type\":\"WebSite\",\"@id\":\"http:\/\/atelierdelachanterelle.com\/#website\",\"url\":\"http:\/\/atelierdelachanterelle.com\/\",\"name\":\"WordPress\",\"description\":\"Un site utilisant WordPress\",\"publisher\":{\"@id\":\"http:\/\/atelierdelachanterelle.com\/#organization\"},\"potentialAction\":[{\"@type\":\"SearchAction\",\"target\":{\"@type\":\"EntryPoint\",\"urlTemplate\":\"http:\/\/atelierdelachanterelle.com\/?s={search_term_string}\"},\"query-input\":{\"@type\":\"PropertyValueSpecification\",\"valueRequired\":true,\"valueName\":\"search_term_string\"}}],\"inLanguage\":\"en-US\"},{\"@type\":\"Organization\",\"@id\":\"http:\/\/atelierdelachanterelle.com\/#organization\",\"name\":\"WordPress\",\"url\":\"http:\/\/atelierdelachanterelle.com\/\",\"logo\":{\"@type\":\"ImageObject\",\"inLanguage\":\"en-US\",\"@id\":\"http:\/\/atelierdelachanterelle.com\/#\/schema\/logo\/image\/\",\"url\":\"https:\/\/atelierdelachanterelle.com\/wp-content\/uploads\/2024\/09\/Logo-2.png\",\"contentUrl\":\"https:\/\/atelierdelachanterelle.com\/wp-content\/uploads\/2024\/09\/Logo-2.png\",\"width\":800,\"height\":283,\"caption\":\"WordPress\"},\"image\":{\"@id\":\"http:\/\/atelierdelachanterelle.com\/#\/schema\/logo\/image\/\"}}]}<\/script>\n<!-- \/ Yoast SEO plugin. -->","yoast_head_json":{"title":"Fabrication - Atelier de la Chanterelle","description":"Les instruments sont fabriqu\u00e9s artisanalement d\u2019apr\u00e8s la m\u00e9thode traditionnelle espagnole. Il s\u2019agit de cr\u00e9ations ou de mod\u00e8les inspir\u00e9s par des luthiers historiques.","robots":{"index":"index","follow":"follow","max-snippet":"max-snippet:-1","max-image-preview":"max-image-preview:large","max-video-preview":"max-video-preview:-1"},"canonical":"http:\/\/atelierdelachanterelle.com\/index.php\/fabrication\/","og_locale":"en_US","og_type":"article","og_title":"Fabrication - Atelier de la Chanterelle","og_description":"Les instruments sont fabriqu\u00e9s artisanalement d\u2019apr\u00e8s la m\u00e9thode traditionnelle espagnole. Il s\u2019agit de cr\u00e9ations ou de mod\u00e8les inspir\u00e9s par des luthiers historiques.","og_url":"http:\/\/atelierdelachanterelle.com\/index.php\/fabrication\/","og_site_name":"WordPress","article_modified_time":"2024-10-04T08:48:11+00:00","og_image":[{"url":"http:\/\/atelierdelachanterelle.com\/wp-content\/uploads\/2024\/10\/IMG_7074c-200x300.jpg"}],"twitter_card":"summary_large_image","twitter_misc":{"Est. reading time":"1 minute"},"schema":{"@context":"https:\/\/schema.org","@graph":[{"@type":"WebPage","@id":"http:\/\/atelierdelachanterelle.com\/index.php\/fabrication\/","url":"http:\/\/atelierdelachanterelle.com\/index.php\/fabrication\/","name":"Fabrication - Atelier de la Chanterelle","isPartOf":{"@id":"http:\/\/atelierdelachanterelle.com\/#website"},"primaryImageOfPage":{"@id":"http:\/\/atelierdelachanterelle.com\/index.php\/fabrication\/#primaryimage"},"image":{"@id":"http:\/\/atelierdelachanterelle.com\/index.php\/fabrication\/#primaryimage"},"thumbnailUrl":"http:\/\/atelierdelachanterelle.com\/wp-content\/uploads\/2024\/10\/IMG_7074c-200x300.jpg","datePublished":"2024-09-27T11:48:49+00:00","dateModified":"2024-10-04T08:48:11+00:00","description":"Les instruments sont fabriqu\u00e9s artisanalement d\u2019apr\u00e8s la m\u00e9thode traditionnelle espagnole. Il s\u2019agit de cr\u00e9ations ou de mod\u00e8les inspir\u00e9s par des luthiers historiques.","breadcrumb":{"@id":"http:\/\/atelierdelachanterelle.com\/index.php\/fabrication\/#breadcrumb"},"inLanguage":"en-US","potentialAction":[{"@type":"ReadAction","target":["http:\/\/atelierdelachanterelle.com\/index.php\/fabrication\/"]}]},{"@type":"ImageObject","inLanguage":"en-US","@id":"http:\/\/atelierdelachanterelle.com\/index.php\/fabrication\/#primaryimage","url":"http:\/\/atelierdelachanterelle.com\/wp-content\/uploads\/2024\/10\/IMG_7074c-200x300.jpg","contentUrl":"http:\/\/atelierdelachanterelle.com\/wp-content\/uploads\/2024\/10\/IMG_7074c-200x300.jpg"},{"@type":"BreadcrumbList","@id":"http:\/\/atelierdelachanterelle.com\/index.php\/fabrication\/#breadcrumb","itemListElement":[{"@type":"ListItem","position":1,"name":"Accueil","item":"http:\/\/atelierdelachanterelle.com\/"},{"@type":"ListItem","position":2,"name":"Fabrication"}]},{"@type":"WebSite","@id":"http:\/\/atelierdelachanterelle.com\/#website","url":"http:\/\/atelierdelachanterelle.com\/","name":"WordPress","description":"Un site utilisant WordPress","publisher":{"@id":"http:\/\/atelierdelachanterelle.com\/#organization"},"potentialAction":[{"@type":"SearchAction","target":{"@type":"EntryPoint","urlTemplate":"http:\/\/atelierdelachanterelle.com\/?s={search_term_string}"},"query-input":{"@type":"PropertyValueSpecification","valueRequired":true,"valueName":"search_term_string"}}],"inLanguage":"en-US"},{"@type":"Organization","@id":"http:\/\/atelierdelachanterelle.com\/#organization","name":"WordPress","url":"http:\/\/atelierdelachanterelle.com\/","logo":{"@type":"ImageObject","inLanguage":"en-US","@id":"http:\/\/atelierdelachanterelle.com\/#\/schema\/logo\/image\/","url":"https:\/\/atelierdelachanterelle.com\/wp-content\/uploads\/2024\/09\/Logo-2.png","contentUrl":"https:\/\/atelierdelachanterelle.com\/wp-content\/uploads\/2024\/09\/Logo-2.png","width":800,"height":283,"caption":"WordPress"},"image":{"@id":"http:\/\/atelierdelachanterelle.com\/#\/schema\/logo\/image\/"}}]}},"_links":{"self":[{"href":"https:\/\/atelierdelachanterelle.com\/index.php\/wp-json\/wp\/v2\/pages\/9","targetHints":{"allow":["GET"]}}],"collection":[{"href":"https:\/\/atelierdelachanterelle.com\/index.php\/wp-json\/wp\/v2\/pages"}],"about":[{"href":"https:\/\/atelierdelachanterelle.com\/index.php\/wp-json\/wp\/v2\/types\/page"}],"author":[{"embeddable":true,"href":"https:\/\/atelierdelachanterelle.com\/index.php\/wp-json\/wp\/v2\/users\/1"}],"replies":[{"embeddable":true,"href":"https:\/\/atelierdelachanterelle.com\/index.php\/wp-json\/wp\/v2\/comments?post=9"}],"version-history":[{"count":73,"href":"https:\/\/atelierdelachanterelle.com\/index.php\/wp-json\/wp\/v2\/pages\/9\/revisions"}],"predecessor-version":[{"id":507,"href":"https:\/\/atelierdelachanterelle.com\/index.php\/wp-json\/wp\/v2\/pages\/9\/revisions\/507"}],"wp:attachment":[{"href":"https:\/\/atelierdelachanterelle.com\/index.php\/wp-json\/wp\/v2\/media?parent=9"}],"curies":[{"name":"wp","href":"https:\/\/api.w.org\/{rel}","templated":true}]}}